(d).
3
Let q(z) be the third derivative of -z**6/180 - z**5/40 + z**4/6 - z**3 + 9*z**2. Let y(f) be the first derivative of q(f). Calculate y(-3).
-5
Let a be (-9)/(-2) + 1/(-2). Suppose 0 = -3*o - a*q + 32, q = -0*o + 3*o - 7. Let w(c) = c - 5. What is w(o)?
-1
Let h(b) = 2*b**3 - 7*b**2 + 5*b + 1. Suppose -2*w - k = -4, -2*k = -0 + 4. Let q(n) = 2*n**3 - 6*n**2 + 4*n + 1. Let z(g) = w*h(g) - 4*q(g). Determine z(2).
-7
Let q(c) = -c**2 + 4*c + 3. Let d be q(5). Let u(z) = -3*z**2 + 2*z. Let b(g) = -5*g**2 + 4*g. Let l(n) = 4*b(n) - 7*u(n). Give l(d).
0
Let b(f) be the third derivative of f**9/60480 + f**8/6720 - f**7/1260 - f**6/720 + f**5/15 - f**2. Let w(l) be the third derivative of b(l). Determine w(-4).
-1
Let a(w) = w**3 + 5*w**2 + 4*w - 2. Let u = -3 + 8. Let t = u + 15. Suppose -i = -3*k - 7, -3*i - i - t = 0. Determine a(k).
-2
Suppose -h + 56 = 50. Let r(u) be the third derivative of -u**5/60 + 7*u**4/24 - 2*u**3/3 - u**2. Calculate r(h).
2
Let a(o) = o**2 + 15*o + 8. Let l be a(-14). Let u(t) = -t**2 - 6*t + 2. Calculate u(l).
2
Let u(w) = 3*w - 1. Let n(k) = 2*k + 1. Let x(r) = n(r) + u(r). Calculate x(-2).
-10
Let q(j) = j**3 - 4*j**2 - j + 2. Let r(o) = 2 - 3*o**2 + 2*o**2 + 3*o**2 - o. Let w be r(2). Suppose -x = x - w. Calculate q(x).
-2
Let u(m) = 11*m + 15. Let p(d) = 6*d + 8. Suppose 4*q - 5 = -5*o, -6*q - o = -4*q + 5. Let k(n) = q*p(n) + 3*u(n). What is k(-4)?
-7
Let d(n) = 24*n - 9. Let x(r) = -3*r + 1. Let u(h) = 4*d(h) + 33*x(h). Let i = -1 + -1. Give u(i).
3
Suppose 0 = -2*g - 2, 3*g = -2*h + 4*h - 15. Let d(c) = -32*c + c**2 + 89*c - 5 - 31*c - 30*c. Calculate d(h).
7
Let v(l) = l**3 - 6*l**2 + 6*l - 3. Let g be 4/6 - 52/(-12). Let h be v(g). Let y(i) = 2 + i + 3*i - 3*i + i**h. What is y(0)?
2
Let y(u) = -2*u + 4. Let m(t) = t. Let g(w) = 4*m(w) + y(w). Let x = 1 - 4. What is g(x)?
-2
Let c(w) = -6*w**3 + 11*w**2 - 16*w + 40. Let g(p) = p**3 - 2*p**2 + 3*p - 8. Let a(l) = -2*c(l) - 11*g(l). Determine a(0).
8
Let a(r) be the third derivative of r**6/120 + 11*r**5/60 + 5*r**4/12 - r**3/6 + r**2. Let v be a(-10). Let c(q) = 11*q - 1. Determine c(v).
-12
Let h(c) = c**2 - c + 1. Suppose 3*j - 3*z = -6*z + 6, 11 = j - 2*z. Suppose -4*w + 9*w = j. Determine h(w).
1
Let a(j) = 2*j**2 - 6*j - 6. Let v be a(4). Let w(h) = 2 + 2*h**2 - h - 2*h**2 + h**v - 2*h**2. Give w(-3).
-4
Suppose -z - 2*z = 5*i - 18, 4*z - 1 = i. Let u(f) = 11*f - 1. What is u(z)?
10
Let y(u) = -4 + 2*u + 3 + 8 + 2. Let b be y(-7). Let a(r) = r**3 + 5*r**2 - 4. Determine a(b).
-4
Let q(g) = -g**2 - 5*g + 4. Suppose -j = 2*i + 19, i - 2*j - 2*j = 4. Let v be (-9)/(-4)*i/3. What is q(v)?
-2
Let n(f) = f**3 - 5*f**2 - 7*f - 8. Suppose 5*u - 12 = 3*o, 5*u + 2*o - 13 - 4 = 0. Suppose 4*y = -2*m + u*m + 28, -y + 2 = m. Determine n(y).
-14
Suppose -2*v = v. Let a(h) = 8*h - 6*h + h**2 + v - 10*h**3 - 1 - 3*h. Determine a(-1).
11
Let g(l) be the first derivative of l**4/4 - l**3/3 + l**2/2 + 15. Determine g(2).
6
Let m = 8 - 13. Let u(x) = -7*x**2 - x + 8. Let g(w) = -3*w**2 - w + 4. Let j(f) = 5*g(f) - 2*u(f). Determine j(m).
-6
Let a(v) be the first derivative of v**2/2 + 2*v - 13. Give a(-7).
-5
Let z(g) = -g**3 + 4*g**2 - 4*g + 2. Suppose 5*t + 40 = -105. Let s = t - -48. Suppose 2*v - 17 = -2*v - 5*x, 5*v - s = -4*x. Give z(v).
-1
Let w(n) = 3*n**2 - 4*n + 2. Suppose 0 = -8*a + 4*a + 32. Suppose 0 = -0*c + 4*c - a. Determine w(c).
6
Let f(h) = -h**3 - 6*h**2 - 4*h - 1. Let u = -27 + 22. Calculate f(u).
-6
Let d(q) = -q + 3. Suppose -15*m = -18*m - 15. Give d(m).
8
Let o(d) be the first derivative of -d**2 - 2*d - 1. Let r be 1 - -1*(0 - -2). Suppose -r*b + 4 = -5. Determine o(b).
-8
Let y(g) = -8*g + 2. Suppose 11*w = 6*w + 10. What is y(w)?
-14
Let y(o) = o**3 + 2*o**2 - 2*o + 1. Suppose r = 3*r - 4. Suppose -3*b + 5*t - 30 + 11 = 0, 14 = -r*b + 4*t. What is y(b)?
-2
Let y(m) = m - 14. Let k be (-120)/(-9)*18/(-15). Let x = k + 22. Calculate y(x).
-8
Let k(x) = -x - 1. Suppose 0 = 4*h + 4*f - 24, f - 2*f = -3*h + 10. Give k(h).
-5
Let o(s) = -4 + 7 - 4 + 8*s. Suppose 4 - 5 = i + f, 4*i + 3*f + 4 = 0. What is o(i)?
-9
Let o(n) = 4 - n - 2 + 2 + 0*n. What is o(6)?
-2
Let q(k) = k**2 - 5*k + 4. Let n(b) = b**3 - 7*b**2 - 8*b + 1. Let p be -2 - ((3 - 3) + -10). Let j be n(p). Suppose -i + d + j = -5, d + 16 = 3*i. Give q(i).
4
Suppose 0*q - 3*q - 2*x = 18, 24 = -4*q - 3*x. Let f(y) = 2*y + 1. Give f(q).
-11
Let p(u) = 3*u - 4. Suppose 0 = -4*h - 19 + 27. Give p(h).
2
Let b(a) be the first derivative of 1/2*a**2 - 2*a - 2. Give b(-3).
-5
Suppose -24 = 4*v - 4*h, -v - 3*v - 5*h - 33 = 0. Let w(l) = l**2 + l + 8. Let d(n) = -n**2 - 11. Let m(j) = -5*d(j) - 6*w(j). Give m(v).
0
Let o(b) = b - 6. Let i be 4/(-6) + (-120)/(-18). Give o(i).
0
Suppose 2*u - 5*k = -16, 2*k - 5*k + 14 = u. Suppose 4*n - 2 = -u*b, 2*n + n = -2*b. Let r(p) = -3*p - 1. Determine r(n).
-7
Let j = -9 + 12. Let t(d) = -4*d + 4. Give t(j).
-8
Let d(b) be the third derivative of b**4/12 - 5*b**3/6 - 7*b**2. Calculate d(5).
5
Let n(s) be the second derivative of 0 - 1/6*s**3 - 1/20*s**5 - 1/4*s**4 - 2*s**2 - 4*s. Calculate n(-3).
-1
Let m(k) = -k - 5. Let z be m(-4). Let w(t) = t + 0 - 1 + 0*t + t. Calculate w(z).
-3
Suppose 1 = -v - 0. Let u(s) = 7*s**3 - 7. Suppose 3*w + z + 20 = -w, 5*z = -w - 5. Let d(h) = 7*h**3 - 6. Let o(p) = w*u(p) + 6*d(p). Give o(v).
-8
Let y(x) = 7*x**2 - 1. Let z be -4 - 6/3 - -2. Let m = z + 5. Calculate y(m).
6
Let a(p) be the third derivative of -1/6*p**3 + 0 - p**2 - 1/120*p**5 - 1/8*p**4 + 0*p. Let q(o) be the first derivative of a(o). What is q(3)?
-6
Let i(g) = -g - 2. Suppose -2*b + 5*b = 15. Suppose h = 3*h - 4*v - 4, 12 = -h - b*v. What is i(h)?
0
Let z = -17 - -30. Let x = -15 + z. Let m(k) = 0 - 1 + k**2 + 0. Calculate m(x).
3
Let b = 6 - 10. Let f(y) be the third derivative of -1/2*y**3 + 2*y**2 - 1/120*y**6 + 0*y - 5/24*y**4 + 0 - 1/12*y**5. Give f(b).
1
Let g(x) = -2*x - 1. Let i be ((-6)/(-4))/((-3)/(-4)). Let k = -7 - -13. Suppose i*f - 16 = k*f. Calculate g(f).
7
Let k(d) = -6*d**3 - 2*d**2 - d. Let v be (-3)/(-9)*(-24)/(-2). Suppose 5*q - q + 12 = -4*m, 2*q + 6 = v*m. Suppose m = s - 2 + 3. Calculate k(s).
5
Suppose -2*x + 30 = 3*x. Let y(n) = -n**2 + 5*n + 1. What is y(x)?
-5
Let w(l) = 9*l + 15. Let g(v) = -3*v - 5. Suppose 4*m + 7 + 5 = 0. Let p(k) = m*w(k) - 8*g(k). Determine p(-4).
7
Let d(l) = l**2 - 10*l - 9. Let p(w) = 3*w**2 - 21*w - 19. Let r(g) = -5*d(g) + 2*p(g). Determine r(-6).
-5
Let f(c) = -c**2 + 2*c + 4. Let j be f(3). Let n(k) be the first derivative of 0*k + 1/2*k**2 + 9/4*k**4 - 5 - 2/3*k**3. Give n(j).
8
Let i be 28/4 - (-8)/(-8). Let q(j) be the first derivative of j**2/2 - 6*j - 1. What is q(i)?
0
Let k(b) = b**3 + b**2 + 2*b + 3. Let f be -4*-1*10/8. Let y(d) = d - 3. Let z be y(-4). Let j = f + z. Give k(j).
-5
Let f(y) = 15*y + 18*y - 32*y + 12. What is f(-5)?
7
Let n(f) = -f + 1. Suppose 2*s = 4*s - 4. Give n(s).
-1
Let t(u) be the third derivative of -u**8/20160 - u**7/840 - u**6/144 - u**5/60 + 5*u**2. Let b(h) be the third derivative of t(h). Give b(-4).
3
Let l(q) = -q + 6. Let r be l(6). Let z(s) = -s**3 + s**2 - s + 6. Determine z(r).
6
Let x = 6 + -4. Let s(k) be the first derivative of -1 - 2*k**2 + k**3 - 1/4*k**4 + 3*k. Determine s(x).
-1
Suppose 0*a = a - 4. Let k = 7 - a. Let y(q) = q**3 - 3*q**2 + 2*q. Determine y(k).
6
Let f(d) = 0*d - 3 + 4 - 5*d**2 - 2*d + 0*d. Give f(1).
-6
Let l(u) be the second derivative of -2*u - 1/24*u**4 - u**2 - 1/6*u**3 + 1/60*u**5 + 0. Let q(p) be the first derivative of l(p). Determine q(0).
-1
Suppose 0 = 8*p + 8. Let d(n) = -8*n + 2. Let m(s) = 15*s - 3. Let u(g) = 5*d(g) + 3*m(g). Calculate u(p).
-4
Let y = -11 - -15. Suppose y*w + 2*m - 22 = 0, 4*m - 14 = -3*w - 0*m. Let r(s) = -s**2 + 4*s + 8. Determine r(w).
-4
Let d(o) = -5*o**2 - 6*o. Let c(p) = -11*p**2 - 13*p - 1. Suppose 0 = -3*m + 10 + 11. Let n(g) = m*d(g) - 3*c(g). What is n(-3)?
-6
Let k(x) = 3*x**3 - 5*x**2 + 17. Let g(i) = -i**2 - 9*i + 5. Let z be g(-9). Let u(t) = -5*t**3 + 7*t**2 - 26. Let y(j) = z*u(j) + 8*k(j). What is y(-5)?
6
Let y(l) be the second derivative of l**6/120 - l**5/60 - 4*l**3/3 - 3*l**2/2 - 3*l. Let z(g) be the first derivative of y(g). Calculate z(0).
-8
Let j = 3 - 3. Let f(k) = -3